 3*f + 2*b - 44. Calculate the highest common divisor of f and r.
14
Suppose 2500 - 284 = 2*i - 4*m, i = 7*m + 1118. Calculate the greatest common factor of i and 115.
23
Let f = -34334 - -60850. What is the greatest common factor of 28 and f?
28
Let c be (-58215)/85 + 10/(-85). Let x = c + 693. What is the greatest common factor of x and 232?
8
Suppose 0 = -6005*q + 5991*q + 6468. Let v(z) = z**3 - z**2 - z - 4. Let k be v(3). Calculate the greatest common factor of k and q.
11
Let u = 4450 - 2680. Calculate the highest common divisor of 30 and u.
30
Let s be 2/(-5) + 1097/5. Suppose -s = 2*v - 53. Let o = v + 218. What is the highest common divisor of o and 15?
15
Suppose 0 = o + 7*o - 1296. Suppose 85 = 5*i + 5*y, -2*i + 7*i = y + 91. What is the highest common factor of i and o?
18
Let h be 178 - (10/6)/(102/(-9) - -11). Calculate the highest common divisor of h and 3.
3
Let v(t) = t**3 - t**2 + 40*t - 329. Let l be v(7). What is the greatest common divisor of l and 343?
49
Let d = -1474 + 1538. Let s(t) = 15*t + 1. Suppose 0 = -6*g + 7 - 1. Let i be s(g). What is the highest common factor of i and d?
16
Suppose 3*w = -5*l - 33, 2*l - l = -5*w - 55. Let b = 1 - w. Let y = -1902 + 1905. Calculate the greatest common factor of y and b.
3
Suppose -105*m + 7805 + 7525 = 0. What is the greatest common factor of 4526 and m?
146
Let t(g) = g**2 + 2*g - 6. Let x be t(-4). Suppose 3 + 5 = x*k. Suppose 0 = -3*a + k*a - 3. Calculate the highest common factor of a and 27.
3
Suppose 41*f - 559 = 145 + 157. What is the highest common factor of 1897 and f?
7
Suppose -3*p = -3*d + 3, -3*d + 1 = -2*p - 6. Suppose 50 = p*n - 14. Suppose -737 = -13*z + 95. Calculate the greatest common factor of n and z.
16
Let n be (571*7)/(306/36 - 8). Calculate the greatest common divisor of n and 14.
14
Let l = -16354 + 17089. Calculate the highest common factor of 2499 and l.
147
Suppose 2176 - 1335 = 3*s - 4703. Calculate the highest common factor of 63 and s.
21
Suppose -110*i + 54520 + 35570 = 0. Calculate the greatest common factor of 78 and i.
39
Let a(i) = 39*i**2 - 24*i - 138. Let o be a(-6). What is the highest common divisor of 120 and o?
30
Let p = -321 + 647. Suppose -2*s - 167 = 5*r, -4*s - 3*r - p = -r. Let y be (32/12 - 4)/(6/s). Calculate the greatest common divisor of y and 12.
6
Let t be (-2280)/36*(432/(-90) - (-1 - 2)). Calculate the greatest common divisor of 7562 and t.
38
Let h = -208 - -211. Suppose 179 = 4*y + i, 2*y + 3*y + h*i - 215 = 0. Calculate the highest common divisor of 506 and y.
46
Let k(n) = -370*n - 1528. Let q be k(-5). What is the greatest common factor of q and 280?
14
Let f(l) = -551*l - 5511. Let p be f(-26). What is the highest common factor of 205 and p?
205
Let a = 9415 + -5577. What is the greatest common factor of 202 and a?
202
Let i(a) = -a**3 - 8*a**2 - 34*a - 68. Let v be i(-5). Calculate the highest common divisor of 2367 and v.
9
Suppose -4844 - 126 = -35*q. Suppose 15*h - 98 - q = 0. What is the greatest common factor of 128 and h?
16
Let w(f) = 15*f**2 - 295*f - 4. Let z be w(20). What is the greatest common factor of 156 and z?
12
Suppose 5*f - 1817 = -l, 4*f - 895 = -3*l + 552. What is the highest common divisor of f and 308?
28
Let m = -34672 - -39280. Calculate the highest common factor of 18 and m.
18
Let n be 47 + -1 + 3 + -8. Suppose 0 = 3*l - 1096 - 11. Calculate the highest common divisor of l and n.
41
Let p(m) be the first derivative of m**2 + 294*m + 94. Let l be p(-35). Calculate the highest common factor of l and 16.
16
Suppose -15*d - 7880 + 85467 = 637. Calculate the highest common factor of d and 380.
190
Suppose -7*n + 48 = 6. Let l = 2927 - 2919. What is the highest common factor of l and n?
2
Let o = -177 - -213. What is the greatest common divisor of o and 189?
9
Let x = 78 + -75. Suppose 3*j + x*i + 537 = 5*j, -j = i - 261. Calculate the highest common factor of j and 24.
24
Let g be (-4 - (-45)/10)/(1/(-28)). Let d(c) = -2*c**2 - 5*c + 2. Let k be d(-5). Let n = g - k. What is the greatest common factor of n and 18?
9
Suppose -d - 248 = -q, 23*q - 977 = 19*q - d. Let o = -85 - -183. What is the highest common divisor of q and o?
49
Let c be (-3)/(-9) + (-5)/(-3). Let g be (-1 - 1 - -1)/(c/82). Let d = g + 74. What is the highest common divisor of 231 and d?
33
Let n be 2 - (3 - (6 - -3)). Suppose 2*o + 12*x - 278 = 10*x, 2*x + 709 = 5*o. Let j = o + -135. Calculate the highest common divisor of n and j.
2
Suppose 0*l - 3*l = -18. Let d(s) = -20*s + 10. Let r(u) = 7*u - 3. Let w(a) = l*d(a) + 17*r(a). Let i be w(8). What is the highest common divisor of i and 1?
1
Let b = 107 + -107. Suppose 5*s + b*o + 3*o - 225 = 0, 0 = -3*s + 2*o + 154. What is the greatest common factor of s and 3?
3
Suppose 31*v = 20*v + 33. Let u(i) = 4*i**2 + i + 1. Let s be u(v). Calculate the greatest common divisor of 48 and s.
8
Let w be (-4416)/(-14) + (18/7 - 3). What is the highest common factor of w and 700?
35
Suppose a - 165 = 4*o - 61, 0 = 4*o + 16. Let c be (2/(-5))/((-11)/110). Suppose 104 = c*h - a. What is the highest common factor of 120 and h?
24
Let n = 22 - 22. Let o be 1300/12 - (-5)/3. Suppose -19*a + 21*a - o = n. What is the highest common factor of 11 and a?
11
Let h = -12 + 26. Let w(q) be the third derivative of q**5/60 + q**4/24 - 8*q**3/3 + 18*q**2. Let o be w(8). What is the highest common factor of h and o?
14
Let z = -314 + 404. Suppose -354 + z = -12*c. Calculate the highest common divisor of c and 902.
22
Let x be (-4 - (-31 - 3)) + 3. Suppose 0 = -26*c + x*c - 308. Suppose 0 = -9*p + 18 - 0. What is the greatest common factor of p and c?
2
Suppose -7*g - 2*g = -81. Let p = -542 + 641. What is the highest common divisor of p and g?
9
Suppose 798395 = 189*k - 16*k. What is the greatest common divisor of 390 and k?
65
Suppose 939 - 99 = 20*g. What is the highest common factor of g and 52?
2
Let c = -318 + 446. What is the highest common factor of 200 and c?
8
Suppose -177*i + 275*i = 290042 - 66896. What is the greatest common factor of i and 198?
99
Let k = 4165 - -1095. What is the greatest common divisor of 60 and k?
20
Suppose 165 - 45 = 2*h. Let l be 14*(24/h - (-102)/20). What is the greatest common factor of 11 and l?
11
Let y(h) = -857*h + 9437. Let l be y(11). Calculate the highest common factor of l and 19105.
5
Suppose 11*z - 3*y - 26 = 9*z, 26 = 3*z + 2*y. Let w(t) = -t**3 - 3*t**2 + 4*t + 4. Let h be w(-4). Calculate the greatest common divisor of z and h.
2
Let b be 12624/(-76) + 10/95. Let h be 44/154 - (b/7 - 1). What is the greatest common factor of h and 450?
25
Let m be (-23)/(92/(-13176))*17/17. Calculate the greatest common divisor of 432 and m.
54
Let v = -3250 - -3355. Calculate the highest common divisor of v and 2695.
35
Let y = -87 - -83. Let h be (-147)/6*(-3 + 20/y). Calculate the greatest common divisor of 28 and h.
28
Let o(v) = 2*v**2 + 3*v + 16. Let k be o(-18). Let t = -70 + 90. Calculate the greatest common factor of k and t.
10
Suppose 0 = -77*k + 79*k - 578. Let i = k + -264. What is the highest common divisor of i and 725?
25
Let l = -19725 + 19941. Calculate the greatest common factor of l and 567.
27
Let z be -14 + 12 + 45 - 12. What is the greatest common divisor of 527 and z?
31
Let d(q) = -q**2 - 57*q - 436. Let c be d(-27). Calculate the greatest common factor of 34 and c.
34
Let v(c) = -2*c**3 + 18*c**2 + 174*c + 26. Let u be v(-9). Calculate the highest common factor of 387 and u.
43
Let g = 19 - 14. Let q be (1 + -385)/(1*(-18)/12). Let c = q - 181. What is the greatest common divisor of g and c?
5
Suppose 0 = 9*i + 32*i + 39729. Let b be -1 - ((-6)/(-16) - i/(-24)). Calculate the highest common divisor of 858 and b.
39
Suppose 137 = -2*y + 3*i + 618, 4*y - i = 977. Let n = 353 - y. What is the greatest common divisor of 72 and n?
36
Suppose -25*h + 748 + 34 = -8*h. Calculate the greatest common factor of h and 11753.
23
Suppose -954 = 5*t - 959, -4*t + 213 = q. Calculate the highest common factor of q and 266.
19
Suppose a - 33 = 3*c, -2*a - 3*c - 69 = -4*a. Suppose 3*t + 1296 = 8*z, -5*t + 158 = -3*z + 644. What is the greatest common factor of z and a?
18
Let f = 4976 - 4840. What is the highest common divisor of 187 and f?
17
Suppose 0*